). Let j(x) = -x**3 - 10*x**2 + 13*x + 3. Let q(b) = r*h(b) - j(b). Is 11 a factor of q(-7)?
True
Suppose -2 = 2*m - 22. Let s = 23 - m. Does 10 divide s?
False
Suppose 0 - 5 = -d. Suppose -5*f - 125 = -5*r, -5*r - d*f + 116 = -f. Is r a multiple of 8?
True
Suppose -3*b = -7*b - 4*q + 60, -4*b + q + 65 = 0. Is 3 a factor of b?
False
Let g(c) = -c**3 + 5*c**2 + 9*c - 4. Let a be g(6). Suppose a = 5*l + 3*o, 0 = -0*l - 4*l + o + 1. Is (-1 + l + 1)*41 a multiple of 17?
False
Let p be (-28)/5 + (-2)/5. Let w be (-9)/(-1) + 3 + -1. Let r = w + p. Is 4 a factor of r?
False
Let m(l) = -l**2 - 6*l + 2. Let v be m(-4). Suppose v = 2*t, -2*j + 4*j + 3*t - 19 = 0. Is j/(-1 - (-42)/39) a multiple of 13?
True
Let m be ((-1)/(-2))/((-5)/(-40)). Suppose 0 = 3*n - 5*n + m. Suppose -j = n*w - 14, -3*j - 4*w = 2*j - 82. Does 10 divide j?
False
Let h = 26 + 84. Suppose -h = 5*s - 380. Is 27 a factor of s?
True
Let u = 370 + -260. Is 17 a factor of u?
False
Let h(r) = -23*r + 2. Is h(-1) a multiple of 8?
False
Let w(t) = 2*t**2 - 2*t + 6. Let c(s) = s**3 - 6*s**2 + 4*s + 2. Let j be c(5). Let b(d) = -d**2 + d - 1. Let g(n) = j*b(n) - w(n). Is g(6) a multiple of 11?
False
Let t(o) = o**3 - 22*o**2 + 6*o - 36. Is 6 a factor of t(22)?
True
Is 4 a factor of (-1188)/462*(14*1)/(-2)?
False
Let g be -1 - 1*(0 + -1). Does 7 divide g + 14 + -2 + 2?
True
Let c = -17 - -12. Let k = -3 - c. Suppose -8 = -f + k. Is f a multiple of 6?
False
Let y be (-8528)/(-44) + (-2)/(-11). Suppose 3*q = -2*q - 3*c + y, 8 = -4*c. Is 15 a factor of q?
False
Let v(m) = -m**3 + 10*m**2 - 9*m + 7. Suppose -5*k + 0*k = 55. Let n = -2 - k. Is 4 a factor of v(n)?
False
Let p = -16 + 31. Is p a multiple of 13?
False
Let i = -15 - -12. Is (-35)/(-1) + (i - -7) a multiple of 13?
True
Is (-8)/12*-6 - -8 a multiple of 3?
True
Let o be (-36)/15*(-20)/(-3). Let t = 7 - o. Is 11 a factor of t?
False
Let b = 346 - 235. Is 17 a factor of b?
False
Suppose j + 4*j + 3*n - 34 = 0, -6 = -2*n. Suppose c = -1, -j*c = 3*d + d - 207. Does 18 divide d?
False
Let s(v) = 2*v**2 - 6*v + 4. Suppose 23 = 5*m - 2*j, -5*j - 5 - 5 = -3*m. Does 7 divide s(m)?
False
Suppose -2*b = 2*z + 70, 3*z + 18 = 5*b - 63. Suppose 5 - 189 = -4*o. Let c = o + z. Is c a multiple of 7?
True
Suppose a - 4*d = -0*a + 38, -2*d = -3*a + 164. Does 8 divide a?
False
Let m be 6/(-4)*(-4)/3. Suppose -1 = 4*v - t, 3*v + 0*t - 6 = 3*t. Does 12 divide v + 34 + m + 1?
True
Suppose -3*v - 5*x = -17, 4*v + x - 17 + 0 = 0. Suppose -c = -v*c + 66. Does 11 divide c?
True
Let k(m) = -3*m. Let p be k(8). Let i = -10 - p. Does 7 divide i?
True
Suppose -4*w = -5*l + 237, l = -2*w + 57 - 18. Is l a multiple of 3?
True
Let i = -215 - -141. Suppose 3*f + 3*p = 4*f + 8, -5*f - 40 = -2*p. Does 4 divide (-9)/(-12) + i/f?
False
Let s(o) = o + 3. Let w(k) = 3*k - 2. Let f be w(2). Suppose 0 = 4*u - 2*p - 54, p - 2*p - 49 = -f*u. Is 14 a factor of s(u)?
True
Let s(m) = -m**2 + 10*m - 8. Suppose -11*b = -10*b - 6. Is 11 a factor of s(b)?
False
Suppose 5*m = 38 + 152. Is 19 a factor of m?
True
Let g(z) = -37*z - 1. Let d be ((-2)/(-3))/((-16)/24). Does 9 divide g(d)?
True
Let s = -1 + 4. Let q(z) = 0*z**2 - 11*z**2 - 4 - z**s + 3*z**2 + 7*z. Is 8 a factor of q(-9)?
False
Let f = 86 - 39. Suppose -5*s - 26 = -6, -s + f = 3*d. Does 9 divide d?
False
Let c = 26 + 13. Is c a multiple of 10?
False
Suppose -2*g + 13*g - 803 = 0. Is g a multiple of 8?
False
Let k = 218 + -89. Let d = k - 66. Is 21 a factor of d?
True
Let b(j) = 4*j - 3. Is 9 a factor of b(3)?
True
Suppose -5*q - 4 - 2 = -j, 2*j + 5*q + 48 = 0. Let p = j + 53. Does 13 divide p?
True
Let l(f) = f**3 + 11*f**2 + 3*f + 13. Is 32 a factor of l(-10)?
False
Let a(o) be the first derivative of 38*o**3/3 + 3*o**2/2 - 2*o + 3. Is 13 a factor of a(1)?
True
Let r be (-3 - 2)/(1/3). Is ((-40)/r)/(2/21) a multiple of 14?
True
Suppose -4*u - 5*w = -284 + 71, u = 4*w + 27. Is u a multiple of 7?
False
Suppose -2*t - 4 - 16 = -4*q, 3*t = 0. Suppose 4*l - 6*l - 2*z + 72 = 0, 0 = q*z - 25. Let s = l - 3. Does 14 divide s?
True
Suppose -10 - 62 = -t - 2*m, -5*m - 330 = -5*t. Suppose -t = -4*n + 2*n. Is 11 a factor of n?
False
Suppose 5*g + 4*i = 7, -4 = -g - g - i. Suppose -r + q = 2, r + q + g*q = -12. Let o = 17 - r. Is o a multiple of 10?
False
Let i(s) = -s**3 - 9*s**2 + s + 8. Let f be i(-9). Is 44 - (f - -2)/1 a multiple of 22?
False
Suppose w = 3*j - 9, 5*w - 3*j = -6*j + 45. Suppose 0*d - 2*d - w = -2*c, -5*d = 5. Suppose -c = p + 3, 5*p = 3*z - 58. Does 11 divide z?
True
Suppose -279 = -4*d - 83. Is 3 a factor of d?
False
Suppose -3*a = a - 16. Let b(o) = -8*o**2 + 9 - a*o**3 + 6*o + 4*o**3 + o**3. Is 2 a factor of b(7)?
True
Does 51 divide (0 - 722/(-2)) + (17 - 21)?
True
Let a(i) = 2 - i - 4 + 4*i**2 - 7*i**3 - 6*i**2. Is 22 a factor of a(-2)?
False
Suppose 3*c + 2*i - 6 = 0, -5*c = 5*i - 7 + 2. Suppose -2 = c*m + 10. Let y = 10 + m. Does 4 divide y?
False
Let g = 22 + -13. Let a = g + 8. Is 12 a factor of a?
False
Suppose -f - 3*f = 4*y - 296, -251 = -4*f + 5*y. Is 36 a factor of f?
False
Suppose -2*p - 5 = -3*p. Suppose 5*l = -p*t + 20, -t = -2*l + 2*t + 13. Is 5 a factor of l?
True
Let n(v) = 8. Let s(b) = -b. Let o(f) = n(f) + 6*s(f). Does 22 divide o(-6)?
True
Let u = -33 + 23. Let d = u - -14. Is 4 a factor of d?
True
Let d(i) = 3*i**3 - i**2 + i. Let x be d(1). Suppose 3*o = 2*b + 8, 0*b - 6 = o - 5*b. Suppose -4*w + 43 = 4*n + w, x*n - 32 = -o*w. Does 6 divide n?
True
Does 10 divide ((-8)/3)/(((-28)/315)/4)?
True
Let a(b) = -b**3 + 5*b**2 - 4*b - 4. Let x be (5 - 0) + (-1)/1. Let y be a(x). Is 30/y*16/(-12) a multiple of 5?
True
Let s(l) = l + 22. Let b be s(-17). Suppose -23 = -z - 5*k, -2*z + b*k = -4*z + 61. Is 19 a factor of z?
True
Is 16 a factor of 10/((-14)/(-6) - 2)?
False
Suppose -59 = -4*r + 5*v + 74, 0 = -2*r - 2*v + 62. Is 16 a factor of r?
True
Suppose 0*w - 7*w + 896 = 0. Does 21 divide w?
False
Let l be -1*(1 + 1 - 1). Let z(s) = -s**3 + 2*s**2 + s. Let i be z(l). Suppose i*q = 5*k - 138, 6*k - 107 = 2*k + 5*q. Is k a multiple of 14?
True
Suppose 2*q = -2*c + 108, q = 4*c - 2*q - 237. Is c a multiple of 19?
True
Let z be (0 + 4)*2/4. Is z - (6 - 0)*-1 a multiple of 8?
True
Let z(q) = 79*q - 1. Is z(3) a multiple of 31?
False
Let l(w) = 2*w - 1. Let h(s) be the third derivative of -s**4/12 - 7*s**3/6 + s**2. Let z be h(-5). Is l(z) a multiple of 3?
False
Let l(u) = 2*u**3 + 2*u + 6. Is 7 a factor of l(3)?
False
Let m = 97 + -61. Is 12 a factor of m?
True
Let k(f) = 2*f - 2. Let j be k(3). Does 15 divide 453/15 + j/(-20)?
True
Suppose 2*c - d = -2*c + 14, -8 = -c - 2*d. Suppose 0 = c*a + 3*g - 32, 20 = 2*a + 2*g + 6. Is 8 a factor of a?
False
Let d = -551 + 794. Is 27 a factor of d?
True
Suppose 4*a = 5*i + 530 - 1426, -2*i + 356 = -4*a. Is i a multiple of 36?
True
Is (95/10)/(0 + 2/8) a multiple of 19?
True
Let d = -27 - -69. Is 5 a factor of d?
False
Suppose -4*q + 792 = 4*q. Is q a multiple of 33?
True
Let o = -52 - -34. Let n = o - -29. Is 11 a factor of n?
True
Suppose 2*h = 3 + 1. Let n = -6 + h. Let l = n + 7. Is l a multiple of 3?
True
Let q(i) = i**3 - 10*i**2 + 10*i - 6. Let d be q(9). Suppose -3*t = 3*s - 189, -d*t + 2*t + 2*s = -78. Is t a multiple of 17?
True
Let h(s) = 9*s**2. Does 2 divide h(1)?
False
Suppose 0 = 17*r - 9*r - 456. Does 7 divide r?
False
Let k = 5 + -11. Let d = k + 16. Is d a multiple of 6?
False
Let g(q) = -q**3 + 11*q**2 + 12*q + 2. Let a be g(12). Does 3 divide a/4*-1*-6?
True
Let o(l) = 3*l**2 + 9*l + 1. Let t be o(-6). Let p = -20 + t. Is 7 a factor of 28/p*35/2?
True
Let a be (-30)/(-24) + (-6)/(-8). Suppose -4*d = a*r - 48, -d + 6*d - 68 = -3*r. Does 5 divide r?
False
Is 5 a factor of 45*(-2)/(-6 + 0)?
True
Let k(j) = -2*j**3 - 3*j**2 + 2*j. Let h = -6 + 3. Is 13 a factor of k(h)?
False
Let d = -6 + 8. Is (-590)/(-6) - d/6 a multiple of 25?
False
Let o(i) = 32*i**2 + 6*i + 15. Let u(y) = 16*y**2 + 3*y + 8. Let n(k) = 6*o(k) - 11*u(k). Is 13 a factor of n(-2)?
False
Suppose 0*j + 19 = -j. Let d = -16 - j. Is d a multiple of 3?
True
Let z(d) = -4*d + 3*d + 0*d + 2. Is z(-3) even?
False
Is -2*5/(-20)*282 a multiple of 47?
True
Let z be 0 - (-14 - -2)/3. Let d = z - 2. Is (d - (-86)/(-6))*-3 a multiple of 24?
False
Let c(f) = 3*f**2 + 17*f + 6. Is c(-8) a multip